at is b(2)?
5
Let c(u) be the second derivative of -u**5/20 + u**4/3 - u**3/3 - 2*u**2 - 11*u. Give c(3).
-1
Let v(a) = 8 - 2*a - 11 + a**2 - a. Let n(b) = b**2 + b + 1. Let s(m) = -m**3 - 11*m**2 - 10*m. Let x(k) = 4*n(k) + s(k). Let g be x(-6). What is v(g)?
1
Let b(w) = -6*w. Suppose -5 = 3*s + 1. Let p = -27 + 30. Let v be -1 - -1 - (s + p). What is b(v)?
6
Suppose -2*s - 13 = 2*s + 5*l, -50 = 5*s - 5*l. Let r(x) = x + 3. Give r(s).
-4
Suppose 2*h + 10 + 0 = 0. Let k(g) = -3*g**3 - 4*g**2 + 7*g + 2. Let s(f) = -f**3 + f - 1. Let w(p) = -k(p) + 2*s(p). What is w(h)?
-4
Let f(g) be the second derivative of -g**5/20 - 7*g**4/12 - 7*g**3/6 - 7*g**2/2 - g + 28. What is f(-6)?
-1
Let r(h) = -3*h + 14*h**2 - 5*h**2 - 8*h**2 - 2. Calculate r(3).
-2
Let w(q) = -q**3 - q**2 - 2*q - 3. Suppose 13*f - 10*f = -6. What is w(f)?
5
Let p(s) = 2*s + 6. Let z = 23 + -11. Suppose -3*n + 0*n - z = 0. What is p(n)?
-2
Let l(u) = 1 + 4 + u - 2*u. Suppose 3*k - 11 = 4. Suppose -k*v + y = -24, -4*y - 24 = -4*v - 2*y. Calculate l(v).
1
Let s(y) = 5*y**3 - 1. Suppose 3*f + f - 8 = 0. Let b = -1 + f. What is s(b)?
4
Let m(u) = 4*u - 24. Let r(y) = -5*y - 10. Let p(v) = -3*v - 7. Let h(x) = 8*p(x) - 5*r(x). Let z(d) = -9*h(d) + 2*m(d). Calculate z(6).
0
Suppose -16 = -3*t - 34. Let u(m) = -m**2 - 6*m - 2. What is u(t)?
-2
Let x = -14 - -6. Let f(t) = -t**2 - 9*t + 1. Let p be f(x). Suppose p = -n - 4*y, -y + 2 - 3 = 0. Let r(g) = -g**3 - 4*g**2 + 4*g - 2. Give r(n).
3
Suppose -l = d - 2*d + 4, -4*l - 18 = -5*d. Let m(z) be the first derivative of 0*z**d + 1/3*z**3 + 1 + z. Give m(1).
2
Let j be 8/8 - 2*1. Let n(k) be the first derivative of 3*k**2 - k - 1. Calculate n(j).
-7
Let j(b) = -5*b + 6*b**2 - 1 - 2*b**2 + b**2 - b**3. Let c(o) = -o + 2. Let i be c(3). Let a(n) = -5*n**3 + 2*n + 1. Let r be a(i). Give j(r).
-5
Let o(k) be the second derivative of k**3/6 + 4*k**2 + 7*k. Calculate o(0).
8
Let j(v) = 11*v + 8. Let p(b) = -5*b - 4. Let w(d) = 4*j(d) + 9*p(d). Let u = -2 + 5. Suppose -11 + 2 = u*f. Calculate w(f).
-1
Let v(z) = 5*z**2 + z - 1. Let y(n) = 3*n**2 - 1. Let m(r) = -4*v(r) + 7*y(r). Calculate m(-2).
9
Let a(p) = -p + 4. Let j(f) = -3*f + 13. Let k(o) = 8*a(o) - 3*j(o). Let s be 12/48 + (-206)/(-8). Suppose s - 6 = 4*x. Determine k(x).
-2
Suppose 3*s = -2*s + 60. Suppose -o + s = o. Let v be (-2)/4 - (-3)/o. Let m(l) = l**2 + 8. Calculate m(v).
8
Let d be (-9)/(-6)*4/3*-1. Let p(i) = -2*i**2 - 2*i. Give p(d).
-4
Let d be 2*(13/6 - (-3)/(-18)). Let j(x) be the first derivative of -x**3/3 + x**2 - 2. What is j(d)?
-8
Let p(y) = y**3 + 9*y**2 + 7*y - 6. Let n be p(-8). Let k(s) = -2*s + 3*s + s**2 - n*s. Suppose 2 = -5*r + 3*j, -3*r + 3*j + 2*j + 2 = 0. Calculate k(r).
2
Let p(a) = a**3 - 2*a**2 - 4*a. Let h(l) = -l**2 - 13*l - 16. Let d be h(-11). Let w be (d/(-7))/((-3)/14). Determine p(w).
16
Let w(u) = -u**2 + 3*u + 8*u + 94 - 98. Give w(11).
-4
Let i(v) = v**3 + 8*v**2 + 7*v + 2. Let y be i(-7). Suppose 0 = -2*u - 3*d, 3*u - y*d - 14 = -3*d. Let h(g) = -2*g + g - g + u. What is h(6)?
-6
Let k(a) = 2*a**2 - 12*a**2 + 4 + 7*a**2 + a + 2*a**2. What is k(0)?
4
Let y(c) = -2*c - 23*c**2 + 0 - c**3 + 10*c**2 + 16*c**2 - 2. Let i be (-2)/9 + (-58)/(-18). Give y(i).
-8
Let j = -15 - -10. Let u(a) = -a**2 - 12*a + 4. Let v(w) = -w**2 - 11*w + 3. Let h(z) = 4*u(z) - 5*v(z). Give h(j).
-9
Let m = -3 - 3. Let x(f) = -6 - 4*f**3 - 5*f**2 + 7*f - f + 3*f**3. What is x(m)?
-6
Let j(v) = v - 17. Let m be j(10). Let p(f) = 2*f + 3. What is p(m)?
-11
Let c(z) be the second derivative of -z**4/12 - 5*z**3/6 - z**2 + 10*z. Determine c(-3).
4
Let k(a) = -2*a**3 + 11*a**2 + 6*a - 9. Let j(n) = 1 - n**3 - n + 4*n - 5 + 5*n**2. Let i(z) = 13*j(z) - 6*k(z). Let r be (-2 - -1)/((-1)/(-2)). Calculate i(r).
0
Let p be (-2)/(-11) + 285/(-55). Let m(k) = 2*k**2 + 13*k - 1. Let q(f) = f**2 + 6*f - 1. Let d(o) = -2*m(o) + 5*q(o). Give d(p).
2
Let o = -14 + 16. Let m(q) = 3*q. What is m(o)?
6
Let o(u) be the second derivative of u**5/20 + u**4/2 - u**3/6 - 2*u**2 - u. Suppose -3*f - 33 = 5*p, 2*p + 3*f - f = -14. What is o(p)?
2
Let u(z) = -9*z + 6. Let b(r) = -20*r + 12. Let h(g) = 3*b(g) - 7*u(g). Let d be -5*((-4)/5 + 0). Calculate h(d).
6
Let a = -8 + 11. Let h = 6 - a. Let p(z) = z - 5*z + h*z + 7. What is p(4)?
3
Let a(r) = 2*r**2 - 4*r + 1. Let l(j) = -2*j**2 + 4*j. Let x(b) = 4*a(b) + 3*l(b). Let u(s) = -s**3 + s**2 + 3. Let m be u(0). Determine x(m).
10
Suppose 0 = h + 3*h. Let s(o) be the third derivative of 2*o**2 + h + 1/60*o**5 + 1/6*o**4 - 1/3*o**3 + 0*o. Give s(-3).
-5
Let y be (-4)/10 + -6 + (-160)/(-25). Let a(p) = p**2 + 8. What is a(y)?
8
Let r(x) = -3*x + 12. Let p(s) = 9*s**2 - 2*s + 1. Let d be p(1). Calculate r(d).
-12
Let l(v) = -v**3 - 4*v**2 - v - 5. Let i(w) = -w - 4. Let q be i(0). Let u be l(q). Let b(p) = -7*p**3 - 2*p**2 - p. What is b(u)?
6
Let y(m) = -m**2 - 5. Let q(d) = -5*d - d**2 + 3*d + d**3 + 0*d + d. Let w be q(0). What is y(w)?
-5
Let r(h) = h**2 + h + 8. Suppose i + 6*i = 3*i. What is r(i)?
8
Let q(m) be the first derivative of -m**3/6 + 3*m - 1. Let x(y) be the first derivative of q(y). Give x(3).
-3
Suppose 5*g - 6*g + 3 = 0. Let k(p) = 3*p**2 + g*p + p**2 + 2 - 3*p**2 + 2*p. Determine k(-3).
-4
Suppose 2*b = 3*b - g - 5, -3*b + 47 = 5*g. Let x be 10/(-45) + (-7)/b. Let i(y) = -12*y. Let q(t) = t. Let d(c) = -i(c) - 5*q(c). Give d(x).
-7
Let u(s) = s**2 - 19*s + 22. Let z be u(18). Let r(v) = v**2 - 4*v - 4. What is r(z)?
-4
Let g = -12 + 14. Let y(u) = 3*u - 4*u - 1 + g*u - 7. What is y(0)?
-8
Let u(m) be the third derivative of m**8/6720 - m**7/840 + m**6/720 + m**5/120 + 5*m**4/24 + 5*m**2. Let f(w) be the second derivative of u(w). Give f(2).
-1
Let w(r) = 237*r + 5 - 1 - 238*r. Give w(4).
0
Let w(m) = 5*m**2 + 3*m + 3. Let k(u) = 14*u**2 + 8*u + 8. Let d(o) = -3*k(o) + 8*w(o). Give d(-1).
-2
Let d be (-3)/6*-4 + 2. Suppose d*k = -k + 20. Let l(g) = 5 + 2*g**2 + g**2 - 2*g - g**3 + g**2. Give l(k).
-3
Suppose 0 = 3*c - 4*c - 4*k + 21, 2*k = -c + 17. Suppose -4*w = -1 + c. Let t(y) = -3*y + 3*y**3 - 3*y**2 - y**3 - 1 + 2*y**3 - 5*y**3. Calculate t(w).
8
Let j(z) = -z - 3. Suppose 8 = -4*t - 2*r - 2, 4*t - 2*r - 10 = 0. Suppose -15 = 4*s - u, -u = s - t*s + 10. What is j(s)?
2
Let w(c) = -c + 1. Let p(q) = 1. Let f(x) = -3*p(x) + 2*w(x). Suppose -8*y + 3*y - 5 = -z, 4*y = 4*z - 20. Give f(z).
-11
Let y(s) = s**3 - 3*s**2 - 3*s - 1. Let b(x) = x**3 - 19*x**2 + 19*x - 14. Let z be b(18). What is y(z)?
3
Let b(u) be the first derivative of 2*u**3/3 + 5*u**2/2 - 3*u + 4. Calculate b(-4).
9
Suppose 0 = 2*a - 5*a. Let l(h) = -6 - 410*h**2 + 811*h**2 - h - 400*h**2. What is l(a)?
-6
Let h(m) be the first derivative of 4 - 1/2*m**2 + 7/3*m**3 + 0*m. Let j = -2 + 1. Calculate h(j).
8
Suppose 0 = -14*a + 3*a - 77. Let m(q) = q**3 + 8*q**2 + 10*q + 10. Give m(a).
-11
Let c(l) = 2*l - 15*l - l**2 + 9*l + 10*l - 1. Calculate c(5).
4
Let q(u) = u**2 - 3*u + 1. Let x be q(4). Suppose -t - 4*d = -6*d + 10, -x*d = 3*t + 30. Let k = t - -7. Let r(w) = -w**2 - w + 1. What is r(k)?
-5
Let r(d) be the second derivative of -d**4/12 - d**3/3 + d**2 - 11*d. Determine r(2).
-6
Let k be 6 + 3 + 0/(-3). Let u = k - 7. Suppose -u*a = -g + 3, g = a + 3*g + 14. Let l(r) = r**2 + r - 5. Calculate l(a).
7
Let r(a) = 1 + a**2 + 0*a - 5 + 3*a. Let o be r(-4). Let j(u) = -u + 10. What is j(o)?
10
Suppose -5*d = -4 - 26. Suppose v - d*v = -25. Let l(m) = m**2 - 6*m + 7. Determine l(v).
2
Let s(g) = -g**3 + 6*g + 4 + g**3 + 5*g**2 - g**3. Let o be (-240)/(-39) - (-44)/(-286). Give s(o).
4
Let z(a) be the third derivative of a**5/60 - a**4/12 - a**2. What is z(2)?
0
Let t(w) = 5*w**2 - 5*w - 2. Let v(b) = 6*b**2 - 6*b - 2. Let x(y) = -7*t(y) + 6*v(y). Calculate x(5).
22
Let i(d) = -d**2 + 8*d - 6. Suppose -f + 3*k + 1 = 2, f = 4*k - 2. Let n = f - -4. What is i(n)?
6
Let t(q) = q**2 + q - 1. Let k(y) = -3*y**2 + 3*y + 5. Let b(w) = -k(w) - 2*t(w). Suppose -13 = -3*a - p, -2*a + 5*p - 4 = -7. Calculate b(a).
-7
Let t(k) = -k - 5. Let x(r) = -4*r - 16. Let w(v) = 10*t(v) - 3*x(v). Determine w(4).
6
Let k(q) = -q**2 + q + 3. Let a be k(0). Let m(z) = -z**3 + 4*z**2 - 3*z + 4. Let r be m(a). Let u(t) = -t**2 + 5*t + 4. Calculate u(r).
8
Let g(s) = s + 1. Let a(n) = -n - 2. L